{"id":45,"date":"2013-12-08T15:02:49","date_gmt":"2013-12-08T15:02:49","guid":{"rendered":"http:\/\/www.nelsonsteinmetz.com\/testweb\/wordpress\/?page_id=45"},"modified":"2015-01-31T12:36:54","modified_gmt":"2015-01-31T12:36:54","slug":"ressources","status":"publish","type":"page","link":"https:\/\/esars.scicog.fr\/?page_id=45","title":{"rendered":"Ressources"},"content":{"rendered":"<p>Publications :<\/p>\n<p><a href=\"http:\/\/esars.scicog.fr\/wp-content\/uploads\/2015\/01\/CV_KapoulaLestocartAllouche_BD.pdf\">Esth\u00e9tique et complexit\u00e9 II<\/a><\/p>\n<p><a href=\"http:\/\/esars.scicog.fr\/wp-content\/uploads\/2014\/07\/Esth\u00e9tique-et-complexit\u00e9-fr.pdf\">Esth\u00e9tique et complexit\u00e9<\/a><\/p>\n<p><a href=\"http:\/\/esars.scicog.fr\/wp-content\/uploads\/2014\/07\/Esth\u00e9tique-et-complexit\u00e9.-anglais-1-good.pdf\">Aesthetics and Complexity<\/a><\/p>\n<p><a href=\"http:\/\/esars.scicog.fr\/wp-content\/uploads\/2013\/12\/POIESIS_LESTOCART_DOS28_L_ORDRE_QUANTIQUE.pdf\">L&#8217;ordre quantique  (L.-J. Lestocart)<\/a><\/p>\n<p><a href=\"http:\/\/esars.scicog.fr\/wp-content\/uploads\/2013\/12\/couvertures-de-LEXPERIENCE-DYNAMIQUE-L-J-LESTOCART.pdf\">L&#8217;exp\u00e9rience dynamique (L.-J. Lestocart)<\/a><\/p>\n<p><a href=\"http:\/\/esars.scicog.fr\/wp-content\/uploads\/2013\/12\/Couvertures-Essai-sur-les-Figures-de-lEsprit-.pdf\">Essai sur les Figures de l&#8217;Esprit  (L.-J. Lestocart)<\/a><\/p>\n<p><a href=\"http:\/\/esars.scicog.fr\/wp-content\/uploads\/2013\/12\/intelligible-connaissance-esth\u00e9tique-lestocart.pdf\">L&#8217;intelligible connaissance esth\u00e9tique (L.-J. Lestocart)<\/a><\/p>\n<p><a href=\"http:\/\/esars.scicog.fr\/wp-content\/uploads\/2013\/12\/entendre-lesth\u00e9tique-dans-ses-complexit\u00e9s-lestocart.jpg\">Entendre l&#8217;esth\u00e9tique dans ses complexit\u00e9s (L.-J. Lestocart)<\/a><\/p>\n","protected":false},"excerpt":{"rendered":"<p>Publications : Esth\u00e9tique et complexit\u00e9 II Esth\u00e9tique et complexit\u00e9 Aesthetics and Complexity L&#8217;ordre quantique (L.-J. Lestocart) L&#8217;exp\u00e9rience dynamique (L.-J. Lestocart) Essai sur les Figures de l&#8217;Esprit (L.-J. Lestocart) L&#8217;intelligible connaissance esth\u00e9tique (L.-J. Lestocart) Entendre l&#8217;esth\u00e9tique dans ses complexit\u00e9s (L.-J. Lestocart)<\/p>\n","protected":false},"author":1,"featured_media":0,"parent":0,"menu_order":5,"comment_status":"closed","ping_status":"closed","template":"","meta":[],"_links":{"self":[{"href":"https:\/\/esars.scicog.fr\/index.php?rest_route=\/wp\/v2\/pages\/45"}],"collection":[{"href":"https:\/\/esars.scicog.fr\/index.php?rest_route=\/wp\/v2\/pages"}],"about":[{"href":"https:\/\/esars.scicog.fr\/index.php?rest_route=\/wp\/v2\/types\/page"}],"author":[{"embeddable":true,"href":"https:\/\/esars.scicog.fr\/index.php?rest_route=\/wp\/v2\/users\/1"}],"replies":[{"embeddable":true,"href":"https:\/\/esars.scicog.fr\/index.php?rest_route=%2Fwp%2Fv2%2Fcomments&post=45"}],"version-history":[{"count":9,"href":"https:\/\/esars.scicog.fr\/index.php?rest_route=\/wp\/v2\/pages\/45\/revisions"}],"predecessor-version":[{"id":153,"href":"https:\/\/esars.scicog.fr\/index.php?rest_route=\/wp\/v2\/pages\/45\/revisions\/153"}],"wp:attachment":[{"href":"https:\/\/esars.scicog.fr\/index.php?rest_route=%2Fwp%2Fv2%2Fmedia&parent=45"}],"curies":[{"name":"wp","href":"https:\/\/api.w.org\/{rel}","templated":true}]}}