{"id":195,"date":"2015-12-04T17:37:56","date_gmt":"2015-12-04T17:37:56","guid":{"rendered":"http:\/\/esars.scicog.fr\/?page_id=195"},"modified":"2016-02-04T08:51:58","modified_gmt":"2016-02-04T08:51:58","slug":"evenements","status":"publish","type":"page","link":"https:\/\/esars.scicog.fr\/?page_id=195","title":{"rendered":"Rencontres Arts &#038; Sciences"},"content":{"rendered":"<table style=\"width: 100%;\">\n<tbody>\n<tr>\n<td><img loading=\"lazy\" class=\"alignnone wp-image-245\" src=\"http:\/\/esars.scicog.fr\/wp-content\/uploads\/2015\/12\/Affiche_RencontresAS_RVB.jpg\" alt=\"maquette\" width=\"263\" height=\"389\" \/><\/td>\n<td>\n<h2>Rencontres<br \/>\nArts &amp; Sciences :<br \/>\nNeurosciences,<br \/>\nEpist\u00e9mologie<br \/>\net Nouveaux<br \/>\nParadigmes<\/h2>\n<h4>organis\u00e9es par le GDR ESARS<br \/>\nles 5 et 6 F\u00e9vrier 2016<br \/>\nAmphi Giroud<br \/>\nCentre Universitaire des Saints-P\u00e8res<br \/>\nParis<\/h4>\n<\/td>\n<\/tr>\n<\/tbody>\n<\/table>\n<p>Les rencontres Art &amp; Sciences sont des \u00e9v\u00e9nements internationaux destin\u00e9s \u00e0 rassembler des artistes et des chercheurs issus de domaines tr\u00e8s vari\u00e9s \u2013 sciences cognitives, neurosciences, biologie \u00e9volutive, musique, math\u00e9matiques et philosophie \u2013 partageant un int\u00e9r\u00eat pour des questions relatives \u00e0 l\u2019esth\u00e9tique, \u00e0 l\u2019impact neurophysiologique des \u0153uvres d\u2019art et aux bases neurales de la cr\u00e9ativit\u00e9. Artistes et chercheurs pr\u00e9sentent leurs travaux au cours de conf\u00e9rences, d\u2019expositions et de concerts de musique. Les premi\u00e8res conf\u00e9rences seront organis\u00e9es en cinq symposia, pilot\u00e9s par Emmanuelle Volle (INSERM), Julien Renoult (CNRS), Moreno Andreatta (CNRS), Zo\u00ef Kapoula (CNRS).<\/p>\n<p><em>Rencontres Art &amp; Sciences are international events bringing together artists and researchers from various fields \u2013 cognitive and neuro sciences, evolutionary biology, music, mathematics and philosophy \u2013 all sharing an interest for questions relative to aesthetics, the perception and neurophysiological impact of artworks and the neural bases of creativity. Artists and researchers will present their works during conferences, exhibitions and music concerts. The conferences will be organized in five symposia moderated by Emmanuelle Volle (INSERM), Julien Renoult (CNRS), Moreno Andreatta (CNRS), Zo\u00ef Kapoula (CNRS).<\/em><\/p>\n<h4 style=\"text-align: justify;\"><a href=\"http:\/\/esars.scicog.fr\/wp-content\/uploads\/2016\/02\/flyer_Rencontres_fr.pdf\" target=\"_blank\">&gt; T\u00e9l\u00e9charger le programme<\/a><\/h4>\n<h4 style=\"text-align: justify;\"><a href=\"http:\/\/esars.scicog.fr\/wp-content\/uploads\/2016\/02\/flyer_Rencontres_en.pdf\" target=\"_blank\">&gt; Download the program<\/a><\/h4>\n<h4 style=\"text-align: justify;\"><a href=\"http:\/\/esars.scicog.fr\/?page_id=344\" target=\"_blank\">&gt; Proposer une pr\u00e9sentation \/ <em>Submit a contribution\u00a0<\/em><\/a><\/h4>\n<h4><a href=\"http:\/\/esars.scicog.fr\/wp-content\/uploads\/2016\/02\/ABSTRACTS.pdf\" target=\"_blank\">&gt; T\u00e9l\u00e9charger les r\u00e9sum\u00e9s \/ <em>Download abstracts<\/em><\/a><\/h4>\n<h3>Inscription \/ <em>Registration<\/em><\/h3>\n<p><strong>Inscription obligatoire jusqu&#8217;\u00e0 la derni\u00e8re minute<\/strong>. Pensez \u00e0 apporter une pi\u00e8ce d\u2019identit\u00e9 en pr\u00e9vision d\u2019un \u00e9ventuel contr\u00f4le par les agents de s\u00e9curit\u00e9.<\/p>\n<p><em><strong>Registration\u00a0<em>before February 3th<\/em>\u00a0is required<\/strong>. Please, do not forget your ID card to pass the security checkpoint.<\/em><\/p>\n<p style=\"text-align: justify;\">[pdb_signup groups=&#8221;main,events_s\u00e9minaire&#8221; action=&#8221;<span id=\"sample-permalink\" tabindex=\"-1\">195<\/span>&#8221; submit_button=&#8221;S&#8217;inscrire\/Register&#8221;]<\/p>\n<h5><\/h5>\n","protected":false},"excerpt":{"rendered":"<p>Rencontres Arts &amp; Sciences : Neurosciences, Epist\u00e9mologie et Nouveaux Paradigmes organis\u00e9es par le GDR ESARS les 5 et 6 F\u00e9vrier 2016 Amphi Giroud Centre Universitaire des Saints-P\u00e8res Paris Les rencontres Art &amp; Sciences sont des \u00e9v\u00e9nements internationaux destin\u00e9s \u00e0 rassembler des artistes et des chercheurs issus de domaines tr\u00e8s vari\u00e9s \u2013 sciences cognitives, neurosciences, biologie [&hellip;]<\/p>\n","protected":false},"author":37,"featured_media":0,"parent":0,"menu_order":0,"comment_status":"open","ping_status":"open","template":"","meta":[],"_links":{"self":[{"href":"https:\/\/esars.scicog.fr\/index.php?rest_route=\/wp\/v2\/pages\/195"}],"collection":[{"href":"https:\/\/esars.scicog.fr\/index.php?rest_route=\/wp\/v2\/pages"}],"about":[{"href":"https:\/\/esars.scicog.fr\/index.php?rest_route=\/wp\/v2\/types\/page"}],"author":[{"embeddable":true,"href":"https:\/\/esars.scicog.fr\/index.php?rest_route=\/wp\/v2\/users\/37"}],"replies":[{"embeddable":true,"href":"https:\/\/esars.scicog.fr\/index.php?rest_route=%2Fwp%2Fv2%2Fcomments&post=195"}],"version-history":[{"count":80,"href":"https:\/\/esars.scicog.fr\/index.php?rest_route=\/wp\/v2\/pages\/195\/revisions"}],"predecessor-version":[{"id":450,"href":"https:\/\/esars.scicog.fr\/index.php?rest_route=\/wp\/v2\/pages\/195\/revisions\/450"}],"wp:attachment":[{"href":"https:\/\/esars.scicog.fr\/index.php?rest_route=%2Fwp%2Fv2%2Fmedia&parent=195"}],"curies":[{"name":"wp","href":"https:\/\/api.w.org\/{rel}","templated":true}]}}